{"id":808,"date":"2020-04-08T18:06:24","date_gmt":"2020-04-08T16:06:24","guid":{"rendered":"http:\/\/www.monprof.de\/?ufaq=warum-sind-manche-uebungen-gelb-gefaerbt"},"modified":"2020-08-05T23:20:41","modified_gmt":"2020-08-05T21:20:41","slug":"warum-sind-manche-uebungen-gelb-gefaerbt","status":"publish","type":"ufaq","link":"https:\/\/www.monprof.de\/?ufaq=warum-sind-manche-uebungen-gelb-gefaerbt","title":{"rendered":"Warum sind manche \u00dcbungen gelb gef\u00e4rbt?"},"content":{"rendered":"<div  class=\"ewd-ufaq-faq-list ewd-ufaq-page-type-load_more ewd-ufaq-category-tabs-\" id='ewd-ufaq-faq-list'>\n\n\t<input type='hidden' name='show_on_load' value='' id='ewd-ufaq-show-on-load' \/>\n<input type='hidden' name='include_category' value='' id='ewd-ufaq-include-category' \/>\n<input type='hidden' name='exclude_category' value='' id='ewd-ufaq-exclude-category' \/>\n<input type='hidden' name='orderby' value='date' id='ewd-ufaq-orderby' \/>\n<input type='hidden' name='order' value='desc' id='ewd-ufaq-order' \/>\n<input type='hidden' name='post_count' value='-1' id='ewd-ufaq-post-count' \/>\n<input type='hidden' name='current_url' value='\/index.php?rest_route=%2Fwp%2Fv2%2Fufaq%2F808' id='ewd-ufaq-current-url' \/>\n\t\n\t\n\t<div class='ewd-ufaq-faqs'>\n\n\t\t<div  class=\"ewd-ufaq-faq-div ewd-ufaq-faq-column-count-one ewd-ufaq-faq-responsive-columns- ewd-ufaq-faq-display-style-default ewd-ufaq-can-be-toggled\" id='ewd-ufaq-post-808-WkbeXVF6Z4' data-post_id='808'>\n\n\t\t\n\t<div class='ewd-ufaq-faq-title ewd-ufaq-faq-toggle'>\n\t\n\t<a class='ewd-ufaq-post-margin'  href='#' role=\"button\">\n\n\t\t<div class='ewd-ufaq-post-margin-symbol ewd-ufaq-square'>\n\t\t\t<span >A<\/span>\n\t\t<\/div>\n\n\t\t<div class='ewd-ufaq-faq-title-text'>\n\n\t\t\t<h4>\n\t\t\t\tWarum sind manche \u00dcbungen gelb gef\u00e4rbt?\t\t\t<\/h4>\n\n\t\t<\/div>\n\n\t\t<div class='ewd-ufaq-clear'><\/div>\n\n\t<\/a>\n\t\n<\/div>\n\t\n\t<div class='ewd-ufaq-faq-body' >\n\n\t\t\n\t\t\t\n\t\t\n\t\t\t<div class='ewd-ufaq-post-margin ewd-ufaq-faq-post'>\n\t<p>Ist ein Bild gelb gef\u00e4rbt, bedeutet das, dass hier demn\u00e4chst \u00dcbungen zu dem Thema folgen. Da diese \u00dcbungen aber noch nicht fertig sind, wurde der Bereich gelb markiert.<\/p>\n<\/div>\n\t\t\n\t\t\t<div class='ewd-ufaq-faq-custom-fields'>\n\n\t\n<\/div>\n\t\t\n\t\t\t\n\t\t\n\t\t\t\n\t\t\n\t\t\t\n\t\t\n\t\t\t\n\t\t\n\t\t\t\n\t\t\n\t\t\t\n\t\t\n\t\t\t\n\t\t\n\t<\/div>\n\n<\/div>\n\t<\/div>\n\n\t\n<\/div>","protected":false},"excerpt":{"rendered":"<p>A Warum sind manche \u00dcbungen gelb gef\u00e4rbt? Ist ein Bild gelb gef\u00e4rbt, bedeutet das, dass hier demn\u00e4chst \u00dcbungen zu dem Thema folgen. Da diese \u00dcbungen aber noch nicht fertig sind, wurde der Bereich gelb markiert.<\/p>\n","protected":false},"author":4,"comment_status":"closed","ping_status":"closed","template":"","ufaq-category":[],"ufaq-tag":[],"_links":{"self":[{"href":"https:\/\/www.monprof.de\/index.php?rest_route=\/wp\/v2\/ufaq\/808"}],"collection":[{"href":"https:\/\/www.monprof.de\/index.php?rest_route=\/wp\/v2\/ufaq"}],"about":[{"href":"https:\/\/www.monprof.de\/index.php?rest_route=\/wp\/v2\/types\/ufaq"}],"author":[{"embeddable":true,"href":"https:\/\/www.monprof.de\/index.php?rest_route=\/wp\/v2\/users\/4"}],"replies":[{"embeddable":true,"href":"https:\/\/www.monprof.de\/index.php?rest_route=%2Fwp%2Fv2%2Fcomments&post=808"}],"wp:attachment":[{"href":"https:\/\/www.monprof.de\/index.php?rest_route=%2Fwp%2Fv2%2Fmedia&parent=808"}],"wp:term":[{"taxonomy":"ufaq-category","embeddable":true,"href":"https:\/\/www.monprof.de\/index.php?rest_route=%2Fwp%2Fv2%2Fufaq-category&post=808"},{"taxonomy":"ufaq-tag","embeddable":true,"href":"https:\/\/www.monprof.de\/index.php?rest_route=%2Fwp%2Fv2%2Fufaq-tag&post=808"}],"curies":[{"name":"wp","href":"https:\/\/api.w.org\/{rel}","templated":true}]}}

Warum sind manche Übungen gelb gefärbt?

<div  class="ewd-ufaq-faq-list ewd-ufaq-page-type-load_more ewd-ufaq-category-tabs-" id='ewd-ufaq-faq-list'>

	<input type='hidden' name='show_on_load' value='' id='ewd-ufaq-show-on-load' />
<input type='hidden' name='include_category' value='' id='ewd-ufaq-include-category' />
<input type='hidden' name='exclude_category' value='' id='ewd-ufaq-exclude-category' />
<input type='hidden' name='orderby' value='date' id='ewd-ufaq-orderby' />
<input type='hidden' name='order' value='desc' id='ewd-ufaq-order' />
<input type='hidden' name='post_count' value='-1' id='ewd-ufaq-post-count' />
<input type='hidden' name='current_url' value='/index.php?rest_route=%2Fwp%2Fv2%2Fufaq%2F808' id='ewd-ufaq-current-url' />
	
	
	<div class='ewd-ufaq-faqs'>

		<div  class="ewd-ufaq-faq-div ewd-ufaq-faq-column-count-one ewd-ufaq-faq-responsive-columns- ewd-ufaq-faq-display-style-default ewd-ufaq-can-be-toggled" id='ewd-ufaq-post-808-WkbeXVF6Z4' data-post_id='808'>

		
	<div class='ewd-ufaq-faq-title ewd-ufaq-faq-toggle'>
	
	<a class='ewd-ufaq-post-margin'  href='#' role="button">

		<div class='ewd-ufaq-post-margin-symbol ewd-ufaq-square'>
			<span >A</span>
		</div>

		<div class='ewd-ufaq-faq-title-text'>

			<h4>
				Warum sind manche Übungen gelb gefärbt?			</h4>

		</div>

		<div class='ewd-ufaq-clear'></div>

	</a>
	
</div>
	
	<div class='ewd-ufaq-faq-body' >

		
			
		
			<div class='ewd-ufaq-post-margin ewd-ufaq-faq-post'>
	<p>Ist ein Bild gelb gefärbt, bedeutet das, dass hier demnächst Übungen zu dem Thema folgen. Da diese Übungen aber noch nicht fertig sind, wurde der Bereich gelb markiert.</p>
</div>
		
			<div class='ewd-ufaq-faq-custom-fields'>

	
</div>
		
			
		
			
		
			
		
			
		
			
		
			
		
			
		
	</div>

</div>
	</div>

	
</div>

<p>A Warum sind manche Übungen gelb gefärbt? Ist ein Bild gelb gefärbt, bedeutet das, dass hier demnächst Übungen zu dem Thema folgen. Da diese Übungen aber noch nicht fertig sind, wurde der Bereich gelb markiert.</p>
